 divisor of q and 9.
9
Let r = 23755 - 23753. Let m(y) = -y**3 + 7*y**2 - 2. Let d be m(6). What is the highest common factor of r and d?
2
Let b = -4389 + 4545. What is the greatest common factor of b and 132?
12
Let w(x) = 5*x**2 + 116*x + 469. Let u be w(-19). What is the highest common divisor of u and 1498?
14
Let i = 8035 - 7960. Calculate the greatest common factor of i and 1035.
15
Suppose d + 4*m - 382 = 0, 0 = -2*d + 8*m - 3*m + 725. Calculate the highest common factor of 925 and d.
185
Let x = 77 - 30. Suppose x*s = 45*s + 2. Let b be (s - 8)/(1/(-9)). Calculate the greatest common factor of 9 and b.
9
Let h = 11712 + -4710. Calculate the highest common factor of h and 18.
18
Let c = 171 + -164. Suppose 5 = 5*r, -c*r + 3*r - 23 = -3*s. What is the greatest common divisor of s and 21?
3
Let v be -1*(1 - (-72)/(-2)). Let a(m) = m**3 + 7*m**2 - 3*m - 15. Let f be a(-11). Let g = -326 - f. What is the highest common factor of v and g?
35
Let n be (119/(-21))/(((-23)/(-18))/(-23)). What is the highest common factor of 986 and n?
34
Suppose -341766 = -137*m + 3474. What is the greatest common divisor of 312 and m?
24
Let c(b) = -15*b**3 + b**2 - 3. Let o be c(-2). Suppose q + 3*q = 204. Let u = o - q. What is the greatest common divisor of u and 35?
35
Suppose 2*s = -3*r + 121, -5 + 82 = 2*r + 5*s. What is the greatest common factor of r and 164?
41
Let s(d) = -9*d - 25. Let j be s(-4). Suppose -j*l + 10 + 23 = 0. What is the greatest common factor of l and 6?
3
Suppose -149 = 674*b - 677*b + 5*f, 4*f = 8. Let y(x) = 54*x**3 - x**2. Let w be y(1). What is the greatest common factor of b and w?
53
Let p be 15 - ((-55)/(-4) + (-546)/728). Suppose -15 = -3*h - 2*h, -d + 44 = 2*h. What is the greatest common divisor of d and p?
2
Let p be -21 + 21 + (4 - 0). Suppose 9 + 24 = -p*q - 5*g, 2*g = 5*q + 66. Let m(b) = -b + 27. Let d be m(q). Calculate the highest common divisor of d and 429.
39
Suppose 2*n + r = 2*r + 29, 5*n = r + 65. Let f(s) = -3*s - 6. Let b be f(-2). Suppose b = 18*g - 15*g - 12. What is the greatest common divisor of n and g?
4
Let j = -4466 - -4481. Calculate the greatest common factor of j and 7440.
15
Let r(i) = 9*i**2 - 2*i - 2. Let c be r(-1). Suppose 5*y = 6*w - c*w + 2589, 3*w - 9 = 0. Calculate the greatest common factor of y and 12.
12
Suppose 0 = 277*r - 805*r + 13086 + 1170. Calculate the highest common divisor of 8766 and r.
9
Suppose 18*z = 13*z. Suppose z = -5*q + h + 12, -2*h = 2*q - 3*q + 6. What is the greatest common divisor of q and 46?
2
Let c = 21 - 17. Suppose j = -5*k + 2*k, 0 = c*j + k. Suppose -6*h - 5*h + 55 = j. What is the highest common factor of 35 and h?
5
Suppose 4*k + 555 - 763 = -j, -5*k - 2*j = -257. Calculate the greatest common factor of 22207 and k.
53
Let h be 96/120 + (-3402)/(-35). Calculate the highest common divisor of 1568 and h.
98
Let n = -101 + 317. Let b(f) = -f**3 - 37*f**2 + 40*f + 82. Let s be b(-38). Suppose 165 - 3 = s*u. Calculate the greatest common divisor of u and n.
27
Let p = 31 - 37. Let g be (-24)/9 - -3 - 22/p. Let k(s) = -13*s - 268. Let y be k(-24). What is the highest common factor of y and g?
4
Suppose 11*l - 30 = -4*l. Calculate the highest common factor of 23 and l.
1
Suppose 0 = 5*a - 16*a + 22. Suppose -a*t - 2*t = -168. Calculate the highest common divisor of t and 189.
21
Suppose -5*i + 7 + 31 = 2*n, 24 = 3*n + 2*i. What is the highest common divisor of 1492 and n?
4
Let t(h) = 36*h - 128. Let f be t(4). Let d(g) = -g**3 - 29*g**2 - 27*g + 31. Let q be d(-28). What is the highest common divisor of q and f?
1
Let c be -108*(-2)/(7/(-42)*-4). Suppose 6*x = 5*x - 4*b + 52, -3*x = -4*b - 92. What is the greatest common factor of c and x?
36
Suppose -2*u - 3*u + 12 = -a, 4*u - 6 = 2*a. Suppose -a*w + 132 = -0*w. Suppose 31*f - 655 = -357 + 384. Calculate the highest common factor of f and w.
22
Let m = 22581 - 22371. Calculate the greatest common factor of m and 8120.
70
Let h be 460/1610 + 1186/14. Calculate the greatest common factor of 10 and h.
5
Let l = 2755 - 2475. Calculate the highest common factor of 616 and l.
56
Let q = -2702 + 2711. What is the highest common divisor of q and 14211?
9
Let y(i) = -3*i**2 - 79*i - 433. Let j be y(-18). What is the greatest common divisor of 2941 and j?
17
Suppose -35*p + 42627 + 9453 = -5*p. Calculate the highest common factor of 186 and p.
62
Suppose j - 4*l + 9 + 3 = 0, -5*j = -l - 35. Suppose -x = -2*z - 62 - 2, 2*z = j. Calculate the highest common factor of x and 162.
18
Let x be (57/(-9) - -2)*-3. Let j = -8 + x. Suppose 2*n - 12 = -j*k, -k = 3*k - 4*n - 4. Calculate the greatest common divisor of 8 and k.
2
Suppose 9*w - 1017 = -3*s + 5*w, 3 = w. Suppose 152 = s*x - 331*x. What is the highest common divisor of x and 209?
19
Suppose -5*u + 5*d = -465, 2*u - 221 = -1404*d + 1399*d. Calculate the highest common factor of u and 322.
14
Suppose -42*v + 19928 - 2414 = 0. What is the greatest common factor of v and 973?
139
Let f(r) = -3*r - 27. Suppose -10*z + 6*z = 44. Let n be f(z). Let o be n/(-27) + -145*(-4)/18. What is the greatest common divisor of o and 128?
32
Suppose -99*c = -47*c - 50*c - 120. Calculate the highest common divisor of 750 and c.
30
Let w(d) = 2*d + 17*d**3 + 21855*d**2 - 3 - 21855*d**2. Let a be w(3). What is the greatest common factor of 66 and a?
66
Suppose -3*x = -8*x + 255. Suppose -5*f + 35 + 36 = -4*k, 5*f + k - x = 0. Calculate the greatest common factor of f and 66.
11
Let p = -87 + 83. Let v be (-2)/p + 5474/28. Calculate the greatest common factor of 28 and v.
28
Let o(q) = -357*q**2 + 6*q - 2. Let m be o(1). Let l = -157 - m. Let a be 4/20 - (-278)/10. What is the greatest common factor of a and l?
28
Let z(n) = -n**2 + 12*n + 30. Let c be z(14). Let v be 1*(15 - (c - 0)). Let p(g) = 4*g**2 + 3. Let l be p(3). Calculate the greatest common divisor of l and v.
13
Let u = 15669 - 15660. Suppose -5*j = -2*m + 45, 0 = 2*m + 4*j - 15 - 3. Calculate the greatest common divisor of u and m.
3
Let g = 557 + -149. Calculate the highest common divisor of 952 and g.
136
Let u = -31 + 35. Suppose -u*l + 39 + 28 = 5*b, 0 = -4*l + 12. Let x be b + -3 - 1*-2. What is the highest common divisor of x and 10?
10
Let o(h) = h**3 - 3*h**2 + 2*h + 160. Let k be o(0). Let t be 6/(-7)*392/(-21). Calculate the highest common factor of k and t.
16
Suppose d + 5*v - 310 = -0*v, 5*v - 1550 = -5*d. Suppose 4*s = 4*u - 114 + 590, -3*s + 412 = 8*u. Calculate the highest common divisor of s and d.
62
Suppose 154 = -2*f - 192. Let k = f + 193. Calculate the highest common factor of k and 100.
20
Let y = 239 + -224. Let s be ((-27)/(-126))/((-6)/(-7))*20. Calculate the greatest common factor of y and s.
5
Let x be (-8)/(-92) - 10656/(-184). Suppose x*n = 35*n + 7590. Calculate the highest common divisor of n and 30.
30
Suppose 0 = 4*g - t - 160, 3*g = t - 5*t + 120. Let i = 157 + -21. Suppose -23*q = -6*q - i. Calculate the highest common factor of g and q.
8
Let h = 85 + -85. Let d = 40 - 35. Suppose -5*r + 4*b + 87 + 33 = h, -120 = -d*r - 2*b. What is the highest common divisor of 60 and r?
12
Suppose -501 = -3*t + 5*y, -2*t + 118 = 6*y - 160. Calculate the highest common divisor of t and 3454.
157
Let n = -61 - 269. Let s = -224 - n. Let p = 114 - s. Calculate the greatest common factor of p and 120.
8
Suppose 2*q = 5 - 1. Let k be q/((-1075)/355 + 3). Let d = k + 107. Calculate the greatest common factor of 288 and d.
36
Let v(m) = 16*m - 36 + 205*m**2 - 7*m - 204*m**2. Let l be v(-13). Suppose -3*c + 43 = -29. Calculate the highest common divisor of c and l.
8
Suppose 85 - 5 = w. Let t be (-84)/(-2) - (68 + -67)*10. Calculate the greatest common factor of t and w.
16
Suppose 0 = -0*r + r - 287. Let l = 48 + r. Let m = l + -119. What is the greatest common divisor of m and 18?
18
Let h(d) = 2 - 5 + 5*d + 3*d + 2. Let s be h(5). What is the greatest common divisor of 195 and s?
39
Let l(m) = m**3 + 8*m**2 - m - 56. Let t be l(-7). Suppose t = i - a + 6*a - 107, 5*i - a - 509 = 0. Calculate the highest common divisor of 816 and i.
102
Let l be (14/(-21))/(2/(-558)). Suppose 4115 - 6843 = -22*t. Calculate the greatest common factor of l and t.
62
Let k be 0 + 3 - (15 + 9 - 79). Calculate the highest common